)?
0
Suppose 3 = -u + 2*u. Suppose -5*p = -u*p - 4. Suppose -2*d + 14 = p. What is the remainder when d is divided by 4?
2
Suppose 620 = 5*j - v, -5*j + 4*j + 150 = 5*v. Calculate the remainder when j is divided by 32.
29
Let h(p) = 2*p - 2. Let q(s) = 8*s + 1. Let a be q(-2). Let l = 21 + a. What is the remainder when 28 is divided by h(l)?
8
Let f(m) = m - 2. Let s = -10 - -21. Let d = -56 - -81. Calculate the remainder when d is divided by f(s).
7
Let d(f) be the second derivative of f**4/12 - 5*f**2/2 - 4*f. What is the remainder when 38 is divided by d(-5)?
18
Let c(h) = -h**3 - 7*h**2 + 3. Let y be c(-7). Suppose a = 5*l - 351, -y*a + 13 = -l + 72. Calculate the remainder when l is divided by 48*(0 - (-4)/8).
23
Let y(s) = s**2 - s + 3. Let n(g) = 5*g**2 - 3*g**2 + g**3 - 5 - 3*g**2. Calculate the remainder when n(4) is divided by y(4).
13
Let s be 4/6*(-18)/(-12). Let z = -2 + 5. Let i = z + s. Calculate the remainder when 9 is divided by i.
1
Let p(s) = s**3 - s**2 + 2. Let m be p(0). Suppose -n + m*n - 4 = 0. Calculate the remainder when 5 is divided by n.
1
Let g(h) = h**2 + 3*h + 11. Calculate the remainder when 2/(-6) - 996/(-18) is divided by g(-6).
26
What is the remainder when (-6)/8 + (-5753)/(-44) is divided by 22?
20
Let d(w) = -w**3 - 13*w**2 - 16*w - 29. Calculate the remainder when 35 is divided by d(-12).
16
Calculate the remainder when (-2)/3*186/(-4)*1 is divided by 16.
15
Suppose -3*c + 6*c - 29 = -5*p, -3*p - 6 = 0. Suppose 0 = -0*j - j + 4. What is the remainder when c is divided by j?
1
Suppose -2*f + 32 = 4*s + 2*f, 5*s - 2*f = 33. Calculate the remainder when 13 is divided by s.
6
Suppose -z - d + 35 = -33, -z - 5*d + 48 = 0. Suppose 0 = 3*w - o - 117, 2*w = -0*o - o + z. Let h = w - 13. What is the remainder when h is divided by 13?
12
Suppose -68 - 24 = -4*j - 3*f, -2*f + 28 = j. What is the remainder when 37 is divided by j?
17
Let s = -4 - -6. Let i(c) = c**3 - 4*c**2 + 2*c - 5. Let x be i(4). Suppose 80 = s*r + x*r. Calculate the remainder when r is divided by 9.
7
Suppose 78 + 387 = 5*d + 5*y, -3*d + 275 = 2*y. What is the remainder when d is divided by 30?
29
Let s(p) = 2*p**2 - 37*p + 36. What is the remainder when 35 is divided by s(18)?
17
Let r(c) = c**2 + c + 2. Let m be ((-2)/(-4))/((-2)/16). What is the remainder when 27 is divided by r(m)?
13
Suppose -21 = -3*y + 3*x, 3*y - x = -2*x + 13. What is the remainder when 12 is divided by y?
2
Let q = 8 - -22. What is the remainder when q is divided by 16?
14
Let o be -4*1/6*3. Let v = 9 - 4. What is the remainder when ((-1)/o)/((-1)/(-14)) is divided by v?
2
Let b = 9 + 1. Calculate the remainder when 29 is divided by b.
9
Suppose 27 = 3*h - 5*q, -h + q - 1 = -2*h. What is the remainder when 9 is divided by h?
1
Suppose -2*l = -5*q - 90, -5*q = -3*l + 152 - 27. What is the remainder when 137 is divided by l?
32
Let t = 7 - 1. Suppose -5*f + 4*f + t = 0. What is the remainder when 10 is divided by f?
4
What is the remainder when 4 is divided by 1 + 1 + -1 + 1?
0
Suppose -3*j = 5*b - 646, -j + 132 + 127 = 2*b. What is the remainder when b is divided by 17?
12
Let d = 697 - 1057. What is the remainder when 4/14 + d/(-14) is divided by 9?
8
What is the remainder when 25 is divided by ((-42)/(-24))/(1/8)?
11
Suppose 4*m + 3*h = -51, -4*m + 3*h = -m + 12. Let z(s) = -3*s - 6. What is the remainder when z(m) is divided by 12?
9
Let k = -2 + 16. Let n = k - 27. Let l = n + 24. What is the remainder when l is divided by 4?
3
Let v(x) = -59*x**3. Suppose -13 - 7 = -y. Calculate the remainder when v(-1) is divided by y.
19
Suppose -u - 236 = -5*t, 0 = 4*t - 2*u + 3*u - 187. What is the remainder when t is divided by 13?
8
Suppose g = -4*g + 100. Suppose -5*u = 2*m - 6*m + g, -3*m - 8 = 2*u. Let x = 10 + u. What is the remainder when 17 is divided by x?
5
Let p(q) = q**3 - q**2 - 2*q - 2. Let f = 6 - 4. Let s(v) = 2*v**3 + v**2 - 2*v + 2. Calculate the remainder when s(f) is divided by p(3).
8
Suppose -2*q - f = -3*f - 14, -q = -3*f - 11. Suppose -2*v - 43 + 0 = -5*t, q*t - 42 = 3*v. Calculate the remainder when 17 is divided by t.
8
Suppose h = 5*h - 28. Suppose -2*b - 17 = -3*b. Suppose 20*y - b*y - 15 = 0. Calculate the remainder when h is divided by y.
2
Let u be 1/3 + 8/3. Suppose n = -4*f + 5*f + 3, 0 = u*f. Suppose 2 + n = x. What is the remainder when 9 is divided by x?
4
Let a = -21 + 126. What is the remainder when a is divided by 27?
24
Suppose p - 1 = -3*w, -2*p - 3*w - 25 = -3*p. Suppose 0 = -2*l - 2*l + 28. What is the remainder when p is divided by l?
6
Suppose 6*v - 2*v = 36. Suppose 0 = -5*f + p + 10, v = f + 2*p - 4. Let s(b) = b + 1. Calculate the remainder when 10 is divided by s(f).
2
Let r = 0 + -8. Let z = 13 + r. Suppose -5*l + 38 = 5*o - 8*o, -o = -z*l + 36. What is the remainder when 12 is divided by l?
5
Let r = 123 + -48. Let v = r - 45. What is the remainder when v is divided by 16?
14
Let k(x) = -x**2 + 20*x - 10. What is the remainder when k(19) is divided by 1*5*6/10?
0
Suppose 5*m + 4*p + p = 305, 0 = m + 4*p - 67. What is the remainder when 175 is divided by m?
57
Let x(l) = -l**2 - 10*l - 11. Suppose -3*u - 7*p + 106 = -5*p, 3*u + 3*p = 102. What is the remainder when u is divided by x(-7)?
8
Let p = -5 - -25. Calculate the remainder when 77 is divided by p.
17
Let j = -57 + 78. What is the remainder when j is divided by 13?
8
Let r(b) = -3*b - 26. What is the remainder when 39 is divided by r(-12)?
9
Let a(x) = -10*x - 11. What is the remainder when 55 is divided by a(-3)?
17
What is the remainder when 65 is divided by ((-20)/25)/(2/(-55))?
21
Let z be 13/(-2) + 1/2. Let o = z + 9. Calculate the remainder when 4 is divided by o.
1
Calculate the remainder when 9 is divided by (-18)/(-5) + (-3)/5.
0
Let z = 38 - 16. Calculate the remainder when z is divided by 12.
10
Suppose -5*m - 4*o + 47 = 0, -4*o - 10 = 3*m - 43. Let r be 46/(-10) + (-3)/(-5). Let g = 15 - r. Calculate the remainder when g is divided by m.
5
Suppose -4*w = -3*i + 23, 0*i - 2*w = -4*i + 34. Calculate the remainder when 41 is divided by i.
5
Suppose -33 = -5*a - 2*p + 100, -5*a = 4*p - 141. Calculate the remainder when a is divided by (-87)/(-12) + 2/(-8).
4
Let v(y) = 4*y + 4. Let n be v(10). Suppose 4*z - 6*z = -n. Calculate the remainder when z is divided by 6.
4
Suppose 21 = 4*q - r, 4*q = 2*q - 5*r - 17. Calculate the remainder when 19 is divided by q.
3
What is the remainder when 51 is divided by 2 + (-162)/(-10) + 8/(-40)?
15
Let o = -17 - -26. Let u(g) = -g**2 - 9*g + 10. What is the remainder when (-173)/(-9) + (-2)/o is divided by u(-9)?
9
Suppose 8 = 4*j - 12. Let d = -2 + j. Suppose 2*b = -6*v + v + 52, -4*b = -3*v + 26. Calculate the remainder when v is divided by d.
1
Let g(r) = -10*r - 3. Let l be (0 + (-16)/(-12))*-3. Calculate the remainder when g(l) is divided by 19.
18
Let z = -38 - -63. Calculate the remainder when (-64)/(-10) - 10/z is divided by 3.
0
Let m be (-2)/6 + (-49)/(-3). Let r be (-3)/9*-3 - -4. Let k = r + m. What is the remainder when 61 is divided by k?
19
Let j be (-2 - (-2 - 2)) + 2. Suppose -5 = -2*g + g - 5*f, 83 = 5*g - j*f. What is the remainder when g is divided by 8?
7
Suppose 0 = 4*c - 4*u - 18 + 2, 3*c - 12 = 4*u. What is the remainder when (-1)/((-10)/c)*100 is divided by 14?
12
What is the remainder when 2 + ((-75)/(-1))/(6/6) is divided by 16?
13
Suppose 100 = -3*t + 8*t. What is the remainder when 36 - (6*-1)/2 is divided by t?
19
Let v(x) = -7*x + 3. Let u be v(5). Let i = u + 48. Suppose 0 = 3*a + 9, -a - a = -5*d + 36. What is the remainder when i is divided by d?
4
Let h(n) = 14*n**2 - 2*n - 1. Let z(y) = -y**2 - 5*y + 7. Let q be z(-5). Suppose 4*a + 171 = q*a. What is the remainder when a is divided by h(-1)?
12
Let n(d) = -d**2 - 11*d + 8. Let i(z) = -10*z. Let f be i(1). Calculate the remainder when 35 is divided by n(f).
17
Suppose -r = -5*r + 156. What is the remainder when r is divided by 11?
6
Calculate the remainder when 243 is divided by -4*((410/(-4))/(-5))/(-2).
38
Suppose 4*w = k - 9, -k - 3*w = -3*k + 13. What is the remainder when 7 is divided by k?
2
Let z(v) = v**2 + 5*v - 2. Calculate the remainder when z(3) is divided by 6.
4
Let y = -27 + 33. Calculate the remainder when 16 is divided by y